 49 = 0, -v*n = 23 - 8. What is the units digit of a?
2
Suppose 4 = 3*a + 4. What is the units digit of -2 + (97 - (-2 - a))?
7
Let x(c) = -6 - c**3 + c - 12 + 24 + 7*c**2 - 8. Let v(w) = w**3 - 7*w**2 + 8*w - 5. Let j be v(6). What is the units digit of x(j)?
5
Let q(n) = -n**2 + n. Let g be (-2 - 0)*(-1)/(-2). Let h(r) = 3*r**2 + r - 2. Let d(s) = g*h(s) - 2*q(s). What is the units digit of d(-3)?
2
Let f(x) = -2*x - 10. Let z(q) = 2*q + 1. Let t be z(-4). Let d be f(t). Suppose 3*l + 38 = 4*l + 5*v, d*l = -v + 114. What is the units digit of l?
8
Suppose 3*w - 9*w = -372. Let u = 282 - w. What is the hundreds digit of u?
2
Suppose x = 2*x - 74. Suppose 4*v - x = 142. What is the tens digit of v?
5
Suppose -10*z - 313 = -1923. What is the hundreds digit of z?
1
What is the tens digit of (-19)/((-171)/10584) - 12/3?
7
Suppose l = 3*q - 1690, -3*l + 1223 + 1039 = 4*q. Suppose f - q = -f. What is the tens digit of f?
8
Suppose 0 = h + 35 - 23. Let o(b) = b**3 + 13*b**2 + 5*b + 4. What is the units digit of o(h)?
8
Suppose 0 = 5*k - 195 - 5. Suppose 22 = 4*q - 2*d, 5*q + 0*d = 5*d + k. What is the units digit of q?
3
Let w = 287 + -57. What is the units digit of w?
0
Let w(a) = a**3 + 10*a**2 - 17*a + 17. Let u(h) = h**3 + 11*h**2 - 17*h + 18. Let z(f) = 3*u(f) - 2*w(f). What is the tens digit of z(-14)?
6
Let s(i) = 2*i**2 + 2*i + 70. Let k be s(17). Suppose 9*p = -2*p + k. What is the units digit of p?
2
Let c(n) = 30*n**2 + 61*n - 30. What is the hundreds digit of c(9)?
9
Let k = -134 - -207. What is the tens digit of k?
7
Let k be -16*4*(-12)/(-24). What is the tens digit of k/272 + 648/17?
3
Suppose 9*u = 1918 + 2915. What is the units digit of u?
7
What is the hundreds digit of (-980)/175*1/((-1)/90)?
5
Let m = -3515 + 6271. What is the thousands digit of m?
2
Let y(z) = z - 1. Let g(f) = -21*f + 8. Let r(j) = -g(j) - 5*y(j). Suppose -p - 1 + 3 = 0. What is the units digit of r(p)?
9
Let c = -18 - -12. Let b be (-12)/c + -2 + 5. Suppose b - 35 = -5*j. What is the units digit of j?
6
Let m(x) = 37*x + 269. What is the units digit of m(19)?
2
Let b(s) = 14*s**2 - 16*s + 7. Let k = 58 + -55. What is the units digit of b(k)?
5
Suppose -17*f = -3*f + 854. Let c = f - -94. What is the units digit of c?
3
Let v(r) = 2*r**3 + 3*r**2 + 2*r + 3. Let s be 12/(-16)*(-1 + -3). Let y be v(s). Suppose 2*c + 3*c - y = 0. What is the units digit of c?
8
Let x(f) = f**2 + f. Let i(j) = -4*j**2 - 10*j - 6. Let r(a) = -i(a) - 3*x(a). Let t be r(-5). Let b = t - -13. What is the units digit of b?
9
Let g(j) = 42*j - 2. Let h be (-1 - -5)/(-2 - -4). What is the units digit of g(h)?
2
Let a be (-3 - 21/(-9))/(2/(-15)). Let u(t) = 4*t**2 - 3*t. Let s(x) = x**2 + 1. Let y(c) = -6*s(c) + 2*u(c). What is the tens digit of y(a)?
1
Suppose -y - 3*y + 7018 = -m, -4*y + 2*m = -7016. What is the units digit of y?
5
Suppose -5*j + 10 = -0. Suppose 8*n = -j + 114. What is the units digit of n?
4
Let d(z) = -z**2 + 9*z + 10. Let f be d(10). Suppose -v + 3 + f = 0. Let g = v - -25. What is the tens digit of g?
2
Suppose 0 = y + 2, -52*a + 1233 = -51*a + y. What is the hundreds digit of a?
2
Let l = 43 + -11. Let w be l - (2 + -3 + 3). Let a = w + -17. What is the tens digit of a?
1
Let r = 6859 + -2894. What is the units digit of r?
5
Suppose -21*x = -12*x - 3717. What is the hundreds digit of x?
4
Suppose -h + 197 + 308 = 0. What is the tens digit of h?
0
Suppose -m + 1928 = 3*y + 4*m, y = 2*m + 639. What is the tens digit of y?
4
Suppose -2*k - 4*u = -u + 63, 0 = 3*k + 4*u + 92. Let v be (-2)/4 + (-12)/k. Suppose 3*n = -v*n + 54. What is the units digit of n?
8
Suppose -f = -5*k - 3*f + 254, f + 48 = k. What is the units digit of k?
0
Let o(l) = l**2 + 11*l + 15. Let d be o(-17). What is the units digit of (d/(-18))/((-1)/6)?
9
What is the units digit of 44/(-6)*(-6)/16*216?
4
Let v = -3226 + 4749. What is the hundreds digit of v?
5
Let a = 1097 + -527. What is the units digit of a?
0
Let h(z) = 657*z. Let x be h(1). Let b = x + -262. Suppose 5*t = 5*i + b, -5*i - 91 = t - 2*t. What is the tens digit of t?
7
Suppose -11 = 3*x - 20. Suppose x*b = -0*b + 318. What is the units digit of b?
6
Suppose -4*m + 0*m = -84. Let w be 518/m + (-4)/6. Suppose 0*a = -2*a + w. What is the tens digit of a?
1
Let c(s) = s**3 - 34*s**2 - 490*s + 72. What is the hundreds digit of c(47)?
7
Let p(x) = -x + 11. Let j be p(0). Let d = 6 + -6. Suppose -j = -3*t + 1, -2*z - 3*t + 46 = d. What is the units digit of z?
7
Suppose 4*b - 3*m = m + 12, 5*b - 9 = -m. Let z = 149 + b. What is the hundreds digit of z?
1
Let l = -1 + 47. Let m = -11 + 16. Suppose 15 = 5*f - t - 11, 0 = m*f + 4*t - l. What is the units digit of f?
6
Let n = 466 - 326. Let x = 461 - n. What is the units digit of x?
1
Suppose i = -4, -5*n + 3*i + 2916 + 216 = 0. What is the units digit of n?
4
What is the tens digit of ((-12)/(-18))/(3/2430)?
4
Suppose 0 = 3*o + 2*k + 4, o - 35 = -4*o + 5*k. Suppose -4*l + 601 = -2*z - 83, 0 = o*z + 4. What is the hundreds digit of l?
1
Suppose 4*i + 101 = -r, 5*r = -8 + 3. Let x = 29 + i. Suppose 2*l + 60 = 6*l - 5*c, -x*c = -3*l + 45. What is the tens digit of l?
1
Suppose -3 = -i - 19. Let m be 2/6 - i/6. Suppose 15 = 4*p + 5*r, -4*p + 25 = m*r - 0. What is the units digit of p?
0
Let z = -11 + 13. Suppose -4 = z*g, 3 = w - 3*g - 1. What is the tens digit of 10*3 + w + -1?
2
Suppose 15*x - 3515 + 125 = 0. What is the tens digit of x?
2
Let b(g) = 38*g**3 + g**2 + g - 1. Suppose 0 = -3*j + 2*d + 10, -3*j + 3*d + 6 = 0. Suppose -2*p + 0*p = -w - 4, 3*w + j = 0. What is the units digit of b(p)?
9
Let i = 6 + 0. Let s(p) = 2 - 4*p - i*p + p. What is the units digit of s(-2)?
0
Suppose 3*s - 4*h + 3293 = -6991, s = -h - 3421. Let b be 9/21 - s/14. Suppose 0 = 5*w - 3*j - 2*j - b, 2*w + 4*j - 128 = 0. What is the units digit of w?
4
Let o = 79 - -233. Let a = -91 + o. What is the tens digit of a?
2
Let h(y) = -y**2 - 19*y - 10. Let m be h(-18). Let o(t) = 5*t + 12. What is the units digit of o(m)?
2
Let p(a) = 69*a - 85. Let u be p(7). Suppose 5*g - 5 = 0, 2*b = 2*g + 70 + u. What is the hundreds digit of b?
2
Suppose 854*t + 40173 = 861*t. What is the tens digit of t?
3
Suppose 195 + 695 = 5*k. Let l be -1*k*3/(-6). Suppose 126 = 3*d - 3*t, 0*d - 3*t = 2*d - l. What is the units digit of d?
3
Suppose -1481 = -3*z - 4*d - d, 4*d = -20. What is the tens digit of z?
0
Suppose -3*x - 8027 = -4*y - 191, -5*y + 9796 = -4*x. What is the units digit of y?
6
What is the units digit of ((-21)/(-18) - 1) + (-58436)/(-24)?
5
Let q = -930 - -1004. What is the units digit of q?
4
Let m(v) = -v**3 + 7*v**2 - 8*v - 3. Let n be m(6). Let q be (-128)/40*n/2. Let h = q + -11. What is the tens digit of h?
1
Suppose 0 = -y - 315 + 3473. What is the thousands digit of y?
3
Let u be 52/130 + (-5306)/(-10) + -1. Suppose d - u = -3*a, 2*a - 4*d = 400 - 28. What is the hundreds digit of a?
1
Let p(g) = 7*g - 21. Let y be p(-7). Let x = y - -201. What is the tens digit of x?
3
Let u(t) = 383*t + 1. Let x be u(1). Let q be (-2)/2 - (-54 + 49). Suppose -q*k = 2*k - x. What is the units digit of k?
4
Suppose -a = -11*a + 3480. What is the tens digit of a?
4
Suppose -3*g = 15, -2*p + 0*g + 23 = -3*g. Suppose 4 = -p*o + 40. What is the units digit of o?
9
Let k(n) = 2*n**3 + 4*n**2 - n - 2. Suppose -9*s = -3*o - 4*s + 1, 2*s + 16 = -4*o. Let i be k(o). Let v = i - -27. What is the units digit of v?
0
Let v = 412 + 55. What is the tens digit of v?
6
Suppose -3*q + 15 = 0, -h - 5*q + 3*q = -51. Suppose -344 = -4*m - 2*z, -h = -5*m - 2*z + 389. What is the tens digit of m?
8
Let m be 2/(-4)*20/(-1). Let c = m - -12. What is the tens digit of c?
2
Let k(d) = -24*d - 14. Let q be k(-1). Let p(x) be the second derivative of -x**4/12 + 11*x**3/6 + 5*x**2 - x. What is the tens digit of p(q)?
2
Let i = 26 - 23. Suppose 5*j = 5*x + 89 + 46, 4*j + 84 = -2*x. What is the units digit of x/(-16) + 1*i?
5
Let l(s) be the first derivative of s**4/4 - 8*s**3/3 - 8*s**2 - 8*s + 14. What is the tens digit of l(11)?
7
Let p = 961 + 124. What is the units digit of p?
5
Let r(q) = 51*q + 428. What is the hundreds digit of r(13)?
0
Suppose 3*p + 47 = 2*q, 2*p + 0*p - 54 = -4*q. Suppose 3*g = 5*z - 9, g - 6 = 4*z - q. Suppose -z*s - 2*s = -70. W